{"id":31,"date":"2023-07-15T21:06:24","date_gmt":"2023-07-15T21:06:24","guid":{"rendered":"https:\/\/alojamientosroquetasplaya.com\/index.php\/destination\/"},"modified":"2023-12-20T20:34:11","modified_gmt":"2023-12-20T20:34:11","slug":"opciones","status":"publish","type":"page","link":"https:\/\/alojamientosroquetasplaya.com\/index.php\/opciones\/","title":{"rendered":"Opciones"},"content":{"rendered":"<div data-colibri-id=\"31-c1\" class=\"style-325 style-local-31-c1 position-relative\">\n  <!---->\n  <div data-colibri-component=\"section\" data-colibri-id=\"31-c2\" id=\"content-2\" class=\"h-section h-section-global-spacing d-flex align-items-lg-center align-items-md-center align-items-center style-326 style-local-31-c2 position-relative\">\n    <!---->\n    <!---->\n    <div class=\"h-section-grid-container h-section-boxed-container\">\n      <!---->\n      <div data-colibri-id=\"31-c3\" class=\"h-row-container gutters-row-lg-2 gutters-row-md-2 gutters-row-0 gutters-row-v-lg-2 gutters-row-v-md-2 gutters-row-v-2 style-327 style-local-31-c3 position-relative\">\n        <!---->\n        <div class=\"h-row justify-content-lg-center justify-content-md-center justify-content-center align-items-lg-stretch align-items-md-stretch align-items-stretch gutters-col-lg-2 gutters-col-md-2 gutters-col-0 gutters-col-v-lg-2 gutters-col-v-md-2 gutters-col-v-2\">\n          <!---->\n          <div class=\"h-column h-column-container d-flex h-col-lg-6 h-col-md-6 h-col-12 style-328-outer style-local-31-c4-outer\">\n            <div data-colibri-id=\"31-c4\" class=\"d-flex h-flex-basis h-column__inner h-px-lg-2 h-px-md-2 h-px-2 v-inner-lg-2 v-inner-md-2 v-inner-2 style-328 style-local-31-c4 position-relative\">\n              <!---->\n              <!---->\n              <div class=\"w-100 h-y-container h-column__content h-column__v-align flex-basis-100 align-self-lg-start align-self-md-start align-self-start\">\n                <!---->\n                <div data-colibri-id=\"31-c5\" class=\"d-block style-329 style-local-31-c5 position-relative h-element\">\n                  <!---->\n                  <div class=\"h-image__frame-container-outer\">\n                    <div class=\"h-image__frame-container\">\n                      <!---->\n                      <!---->\n                      <img loading=\"lazy\" decoding=\"async\" width=\"2560\" height=\"1920\" src=\"https:\/\/alojamientosroquetasplaya.com\/wp-content\/uploads\/2023\/07\/20221210_103952-scaled.jpg\" class=\"wp-image-24 style-329-image style-local-31-c5-image\" alt=\"\" srcset=\"https:\/\/alojamientosroquetasplaya.com\/wp-content\/uploads\/2023\/07\/20221210_103952-scaled.jpg 2560w, https:\/\/alojamientosroquetasplaya.com\/wp-content\/uploads\/2023\/07\/20221210_103952-scaled-600x450.jpg 600w, https:\/\/alojamientosroquetasplaya.com\/wp-content\/uploads\/2023\/07\/20221210_103952-300x225.jpg 300w, https:\/\/alojamientosroquetasplaya.com\/wp-content\/uploads\/2023\/07\/20221210_103952-1024x768.jpg 1024w, https:\/\/alojamientosroquetasplaya.com\/wp-content\/uploads\/2023\/07\/20221210_103952-768x576.jpg 768w, https:\/\/alojamientosroquetasplaya.com\/wp-content\/uploads\/2023\/07\/20221210_103952-1536x1152.jpg 1536w, https:\/\/alojamientosroquetasplaya.com\/wp-content\/uploads\/2023\/07\/20221210_103952-2048x1536.jpg 2048w\" sizes=\"auto, (max-width: 2560px) 100vw, 2560px\" \/>\n                      <div class=\"h-image__frame h-hide-lg h-hide-md h-hide-sm style-329-frameImage style-local-31-c5-frameImage\"><\/div>\n                    <\/div>\n                  <\/div>\n                <\/div>\n              <\/div>\n            <\/div>\n          <\/div>\n          <div class=\"h-column h-column-container d-flex h-col-lg-6 h-col-md-6 h-col-12 style-330-outer style-local-31-c6-outer\">\n            <div data-colibri-id=\"31-c6\" class=\"d-flex h-flex-basis h-column__inner h-px-lg-2 h-px-md-2 h-px-2 v-inner-lg-2 v-inner-md-2 v-inner-2 style-330 style-local-31-c6 position-relative\">\n              <!---->\n              <!---->\n              <div class=\"w-100 h-y-container h-column__content h-column__v-align flex-basis-100 align-self-lg-start align-self-md-start align-self-start\">\n                <!---->\n                <div data-colibri-id=\"31-c7\" class=\"h-global-transition-all h-heading style-331 style-local-31-c7 position-relative h-element\">\n                  <!---->\n                  <div class=\"h-heading__outer style-331 style-local-31-c7\">\n                    <!---->\n                    <!---->\n                    <h3 class=\"\">Con vistas a la monta\u00f1a&#8230;<\/h3>\n                  <\/div>\n                <\/div>\n                <div data-colibri-id=\"31-c8\" class=\"h-text h-text-component style-332 style-local-31-c8 position-relative h-element\">\n                  <!---->\n                  <!---->\n                  <div class=\"\">\n                    <p><span style=\"color: rgb(70, 112, 127); font-family: &quot;Open Sans&quot;; font-size: 16px; font-weight: 400;\">Puedes disfrutar de unos incre\u00edbles amaneceres a la vez que contemplas Almer\u00eda y Cabo de Gata.<\/span><\/p>\n                  <\/div>\n                <\/div>\n                <div data-colibri-id=\"31-c9\" class=\"h-x-container style-333 style-local-31-c9 position-relative h-element\">\n                  <!---->\n                  <div class=\"h-x-container-inner style-dynamic-31-c9-group style-333-spacing style-local-31-c9-spacing\"><span class=\"h-button__outer style-334-outer style-local-31-c10-outer d-inline-flex h-element\"><a h-use-smooth-scroll=\"true\" href=\"\"  data-colibri-id=\"31-c10\" class=\"d-flex w-100 align-items-center h-button justify-content-lg-center justify-content-md-center justify-content-center style-334 style-local-31-c10 position-relative\"><!----><!----> <span>LEARN MORE<\/span><\/a>\n                    <\/span>\n                  <\/div>\n                <\/div>\n              <\/div>\n            <\/div>\n          <\/div>\n        <\/div>\n      <\/div>\n    <\/div>\n  <\/div>\n  <div data-colibri-component=\"section\" data-colibri-id=\"31-c11\" id=\"content-3\" class=\"h-section h-section-global-spacing d-flex align-items-lg-center align-items-md-center align-items-center style-335 style-local-31-c11 position-relative\">\n    <!---->\n    <!---->\n    <div class=\"h-section-grid-container h-section-boxed-container\">\n      <!---->\n      <div data-colibri-id=\"31-c12\" class=\"h-row-container gutters-row-lg-2 gutters-row-md-2 gutters-row-2 gutters-row-v-lg-2 gutters-row-v-md-2 gutters-row-v-2 style-336 style-local-31-c12 position-relative\">\n        <!---->\n        <div class=\"h-row justify-content-lg-center justify-content-md-center justify-content-center align-items-lg-stretch align-items-md-stretch align-items-stretch gutters-col-lg-2 gutters-col-md-2 gutters-col-2 gutters-col-v-lg-2 gutters-col-v-md-2 gutters-col-v-2\">\n          <!---->\n          <div class=\"h-column h-column-container d-flex h-col-lg-auto h-col-md-auto h-col-auto style-337-outer style-local-31-c13-outer\">\n            <div data-colibri-id=\"31-c13\" class=\"d-flex h-flex-basis h-column__inner h-px-lg-2 h-px-md-2 h-px-2 v-inner-lg-2 v-inner-md-2 v-inner-2 style-337 style-local-31-c13 position-relative\">\n              <!---->\n              <!---->\n              <div class=\"w-100 h-y-container h-column__content h-column__v-align flex-basis-100 align-self-lg-start align-self-md-start align-self-start\">\n                <!---->\n                <div data-colibri-id=\"31-c14\" class=\"h-global-transition-all h-heading style-338 style-local-31-c14 position-relative h-element\">\n                  <!---->\n                  <div class=\"h-heading__outer style-338 style-local-31-c14\">\n                    <!---->\n                    <!---->\n                    <h3 class=\"\">&#8230;o vistas a la ciudad<\/h3>\n                  <\/div>\n                <\/div>\n                <div data-colibri-id=\"31-c15\" class=\"h-text h-text-component style-339 style-local-31-c15 position-relative h-element\">\n                  <!---->\n                  <!---->\n                  <div class=\"\">\n                    <p><span style=\"color: rgb(70, 112, 127); font-family: &quot;Open Sans&quot;; font-size: 16px; font-weight: 400;\">En cualquier caso, debido a la altura siempre podr\u00e1s disfrutar de una panor\u00e1mica impresionante. Y por supuesto, vistas al mar.<\/span><\/p>\n                  <\/div>\n                <\/div>\n                <div data-colibri-id=\"31-c16\" class=\"h-x-container style-340 style-local-31-c16 position-relative h-element\">\n                  <!---->\n                  <div class=\"h-x-container-inner style-dynamic-31-c16-group style-340-spacing style-local-31-c16-spacing\"><span class=\"h-button__outer style-341-outer style-local-31-c17-outer d-inline-flex h-element\"><a h-use-smooth-scroll=\"true\" href=\"\"  data-colibri-id=\"31-c17\" class=\"d-flex w-100 align-items-center h-button justify-content-lg-center justify-content-md-center justify-content-center style-341 style-local-31-c17 position-relative\"><!----><!----> <span>LEARN MORE<\/span><\/a>\n                    <\/span>\n                  <\/div>\n                <\/div>\n              <\/div>\n            <\/div>\n          <\/div>\n          <div class=\"h-column h-column-container d-flex h-col-lg-auto h-col-md-auto h-col-auto style-342-outer style-local-31-c18-outer\">\n            <div data-colibri-id=\"31-c18\" class=\"d-flex h-flex-basis h-column__inner h-px-lg-0 h-px-md-2 h-px-0 v-inner-lg-0 v-inner-md-2 v-inner-0 style-342 style-local-31-c18 position-relative\">\n              <!---->\n              <!---->\n              <div class=\"w-100 h-y-container h-column__content h-column__v-align flex-basis-100 align-self-lg-center align-self-md-center align-self-center\">\n                <!---->\n                <div data-colibri-id=\"31-c19\" class=\"d-block style-343 style-local-31-c19 position-relative h-element\">\n                  <!---->\n                  <div class=\"h-image__frame-container-outer\">\n                    <div class=\"h-image__frame-container\">\n                      <!---->\n                      <!---->\n                      <img loading=\"lazy\" decoding=\"async\" width=\"2560\" height=\"1920\" src=\"https:\/\/alojamientosroquetasplaya.com\/wp-content\/uploads\/2023\/12\/20230617_150428-scaled.jpg\" class=\"wp-image-78 style-343-image style-local-31-c19-image\" alt=\"\" srcset=\"https:\/\/alojamientosroquetasplaya.com\/wp-content\/uploads\/2023\/12\/20230617_150428-scaled.jpg 2560w, https:\/\/alojamientosroquetasplaya.com\/wp-content\/uploads\/2023\/12\/20230617_150428-300x225.jpg 300w, https:\/\/alojamientosroquetasplaya.com\/wp-content\/uploads\/2023\/12\/20230617_150428-1024x768.jpg 1024w, https:\/\/alojamientosroquetasplaya.com\/wp-content\/uploads\/2023\/12\/20230617_150428-768x576.jpg 768w, https:\/\/alojamientosroquetasplaya.com\/wp-content\/uploads\/2023\/12\/20230617_150428-1536x1152.jpg 1536w, https:\/\/alojamientosroquetasplaya.com\/wp-content\/uploads\/2023\/12\/20230617_150428-2048x1536.jpg 2048w, https:\/\/alojamientosroquetasplaya.com\/wp-content\/uploads\/2023\/12\/20230617_150428-600x450.jpg 600w\" sizes=\"auto, (max-width: 2560px) 100vw, 2560px\" \/>\n                      <div class=\"h-image__frame h-hide-sm style-343-frameImage style-local-31-c19-frameImage\"><\/div>\n                    <\/div>\n                  <\/div>\n                <\/div>\n              <\/div>\n            <\/div>\n          <\/div>\n        <\/div>\n      <\/div>\n    <\/div>\n  <\/div>\n<\/div>","protected":false},"excerpt":{"rendered":"<p>Con vistas a la monta\u00f1a&#8230; Puedes disfrutar de unos incre\u00edbles amaneceres a la vez que contemplas Almer\u00eda y Cabo de Gata. LEARN MORE &#8230;o vistas a la ciudad En cualquier caso, debido a la altura siempre podr\u00e1s disfrutar de una panor\u00e1mica impresionante. Y por supuesto, vistas al mar. LEARN MORE<\/p>\n","protected":false},"author":1,"featured_media":0,"parent":0,"menu_order":0,"comment_status":"closed","ping_status":"closed","template":"page-templates\/full-width-page.php","meta":{"footnotes":""},"class_list":["post-31","page","type-page","status-publish","hentry"],"_links":{"self":[{"href":"https:\/\/alojamientosroquetasplaya.com\/index.php\/wp-json\/wp\/v2\/pages\/31","targetHints":{"allow":["GET"]}}],"collection":[{"href":"https:\/\/alojamientosroquetasplaya.com\/index.php\/wp-json\/wp\/v2\/pages"}],"about":[{"href":"https:\/\/alojamientosroquetasplaya.com\/index.php\/wp-json\/wp\/v2\/types\/page"}],"author":[{"embeddable":true,"href":"https:\/\/alojamientosroquetasplaya.com\/index.php\/wp-json\/wp\/v2\/users\/1"}],"replies":[{"embeddable":true,"href":"https:\/\/alojamientosroquetasplaya.com\/index.php\/wp-json\/wp\/v2\/comments?post=31"}],"version-history":[{"count":3,"href":"https:\/\/alojamientosroquetasplaya.com\/index.php\/wp-json\/wp\/v2\/pages\/31\/revisions"}],"predecessor-version":[{"id":125,"href":"https:\/\/alojamientosroquetasplaya.com\/index.php\/wp-json\/wp\/v2\/pages\/31\/revisions\/125"}],"wp:attachment":[{"href":"https:\/\/alojamientosroquetasplaya.com\/index.php\/wp-json\/wp\/v2\/media?parent=31"}],"curies":[{"name":"wp","href":"https:\/\/api.w.org\/{rel}","templated":true}]}}